i**3 + 0 + 40*i. Give k(0).
-28
Let l(v) be the second derivative of v**7/840 - v**6/72 - v**5/30 - v**4/8 - 85*v**3/6 - 63*v. Let n(t) be the second derivative of l(t). Determine n(6).
9
Let g(u) = -7*u**2 + 33*u - 6. Let m(p) = -20*p**2 + 94*p - 15. Let s(d) = 17*g(d) - 6*m(d). Give s(5).
-2
Let g(p) = -3*p + 36. Let n be g(12). Suppose n = -21*y + 7*y + 14. Let q be (y - 3)/(12/18). Let z(m) = -4*m - 3. Give z(q).
9
Suppose -21609 = -2*n - 21621. Let f(h) = 6*h**3 + 11*h**2 + 1. Let c(w) = -w**3 - w**2. Let a(l) = 5*c(l) + f(l). What is a(n)?
1
Let s(k) = -39 - 21 - 16 - 66*k + 23 + 76*k. Calculate s(6).
7
Let v(n) = 9*n + 26. Let l be v(5). Suppose 100 = -l*i + 61*i. Let f(z) = z**3 + 10*z**2 + 1. Calculate f(i).
1
Let h(w) = -w**3 - 8*w**2 + 10*w - 18. Suppose -73*t - 4230 = 397*t. What is h(t)?
-27
Let i(n) = 7481*n**2 - 7475*n**2 - 4*n + 7*n + 2*n**3 - 4 + 0*n**3 + 2*n. What is i(-3)?
-19
Let o = -18 + 11. Let w(y) = -7*y**2 - 10*y + 17. Let k(u) = -4*u**2 - 5*u + 9. Suppose -21*c + 17*c - 20 = 0. Let h(d) = c*k(d) + 3*w(d). Calculate h(o).
-8
Let b(u) be the first derivative of -2*u - 1 - 4*u**2 + 1/3*u**3. Let r be (((-49)/(-77))/1)/((-202)/(-2222)). What is b(r)?
-9
Let g(t) = -110*t + 257*t + 412 - 109*t. Calculate g(-11).
-6
Let z(k) = 11*k + 39. Let f(m) = -m**3 + 19*m**2 - 9*m - 430. Let s be f(17). Determine z(s).
-16
Suppose 0 = 2*t - 10. Suppose t - 55 = -10*d. Let r(o) = o**3 - 4*o**2 - 5*o + 1. What is r(d)?
1
Let t(q) = -q**2 + 5*q + 8. Let d be t(6). Suppose 5*c + 2*s - 49 = -0*s, 0 = 4*c + d*s - 40. Let z(u) = -4*u**2 - 7*u + u**3 + 59 - 68 + c*u**2. Give z(-6).
-3
Suppose -5*u + 2*m + 375 = 0, -2*u - 41 = -4*m - 191. Suppose 11*c = 6*c + u. Let t = c + -20. Let h(r) = 4*r + 4. Give h(t).
-16
Let f(r) = r**3 + 3*r**2 - 5*r - 5. Let a be (-108)/(-48)*(-8)/3. Let u be -2*(1/(-2))/(a/24). What is f(u)?
-1
Let b(m) be the second derivative of -1/6*m**3 + 0 + 57*m - 4*m**2. Determine b(-9).
1
Let q(m) = -m**3 + 3*m**2 + 5*m + 3. Let o(u) = u. Let j(v) = -16*v + 10. Let d(b) = j(b) + 10*o(b). Let l be -6 - 16/((-192)/84). Let z be d(l). What is q(z)?
7
Let b(t) = 4771*t - 2388*t + 4 - 2392*t - 51. Calculate b(-16).
97
Let j(d) = -d - 15. Let u(z) = -z**3 + 91*z**2 - 181*z + 262. Let f be u(89). Give j(f).
-10
Let c(o) = -17*o - 53. Let v = 9006 - 9010. What is c(v)?
15
Let d(o) be the first derivative of 41*o**3/3 - o**2/2 + o + 638. Calculate d(-1).
43
Let k(r) = -r - 9. Let v be k(-9). Suppose -5*s + 2*s + 9 = v. Let x(c) be the second derivative of -c**5/20 + c**4/6 + 3*c**2/2 - 765*c. Give x(s).
-6
Let d(z) = z**3 + 6*z**2 - 8*z - 7. Let o be d(-7). Let t(h) be the first derivative of -1/3*h**3 - 18 + 1/2*h**2 - 15*h. Give t(o).
-15
Let x(p) = -p - 8. Let l(n) = -n + 27. Let c be l(24). Suppose -c*b - 9 = a + 8, 16 = 4*a. Calculate x(b).
-1
Let t(u) = -u**2 - 4*u + 2. Let o be ((-4)/(-10))/(3/(-30)). Let z be t(o). Suppose 2*y + 4*y = -z*y. Let n(c) = c - 3. Give n(y).
-3
Let t(s) = 97*s - 675. Let w be t(7). Let b(r) = 19*r - 72. Calculate b(w).
4
Let y(g) = g - 7. Suppose -3*j - 8*j = -99. Suppose 5*x + 2*h - 520 = 0, -j*h + 4*h = x - 104. Let c = -93 + x. Calculate y(c).
4
Let j(y) be the first derivative of -4*y**3/3 + 23*y**2/2 + 49*y - 3800. What is j(-2)?
-13
Let l(p) be the second derivative of -3*p**3 - 1/40*p**5 + 0 + 0*p**2 - 7/24*p**4 - 3*p. Let s(r) be the second derivative of l(r). Calculate s(-6).
11
Suppose 9 = 2*g + 5. Let q(v) = -2*v + 7 + 0*v + 2*v + g*v. Calculate q(-3).
1
Let c(g) = -2*g**3 + 3*g**2 + 22*g + 33. Let p(k) = -9*k**3 + 17*k**2 + 109*k + 167. Let y(u) = 14*c(u) - 3*p(u). Determine y(-7).
-4
Let v(o) = 3*o**2 - 3*o. Let i(x) = 17*x**2 - 19*x**2 + 0*x**2 - x + 3*x**2. Let y(z) = -7*i(z) + 2*v(z). What is y(-2)?
-6
Let t(x) be the first derivative of 4*x**2 + 116*x - 5323. Calculate t(-6).
68
Let t(f) be the third derivative of -f**5/20 - f**4/6 + 7*f**3/3 - 51*f**2. Let y(a) = 9*a**2 + 11*a - 40. Let r(k) = -17*t(k) - 6*y(k). Determine r(2).
-6
Let n(v) be the first derivative of v**4/4 - 2*v**3 + v**2/2 - 4*v + 836. What is n(6)?
2
Let t(v) = -2*v**2 + 7*v - 3. Suppose -m + 4*m = 9. Suppose m*r + 13 = 25. Let i be t(r). Let a(c) = c**2 + 6*c - 10. What is a(i)?
-3
Let w(r) = 6*r + 25. Suppose 86*k + 1 = 85*k, -3*c - 4 = -5*k. Calculate w(c).
7
Let x = 1 + 11. Let h = x - 7. Let j(p) = -89*p**2 - 12*p + 78. Let t(i) = 74*i**2 + 11*i - 66. Let d(l) = -5*j(l) - 6*t(l). What is d(h)?
1
Let t(i) = i**2 - 11*i + 2. Suppose -l + 24 = 5*a, -8*l + 5*l = 3*a. What is t(a)?
-28
Let m(p) = p**3 - 4*p**2 + 5*p - 11. Let x be -77*(-2)/42 + (-2)/(-6). What is m(x)?
9
Let h(g) = 6226*g - 6225*g - 5*g**2 - 9 - 2*g**2. Let p(w) = -w**2 - 1. Let q(a) = -h(a) + 6*p(a). Give q(0).
3
Let q be (-288)/216*1/(-160). Let i(w) be the third derivative of 0*w + 0*w**3 - 3*w**2 + 0 + q*w**6 + 1/20*w**5 - 1/8*w**4. What is i(-4)?
-4
Let w(o) be the second derivative of 5*o**3/3 + 18*o**2 + 1173*o. Determine w(-4).
-4
Let r(g) = -g**2 - 4*g + 27. Suppose -3*q + 12 = 2*j + 48, -69 = 5*j + 4*q. Calculate r(j).
-18
Let a be (3/9)/(8/(-96)). Let g(c) be the third derivative of 3*c**2 + 1/60*c**5 + 1/4*c**4 + 2/3*c**3 + 0 + 0*c. Calculate g(a).
-4
Let x(h) = h + 14. Let l be x(-10). Let b(i) = -i**2 - 2*i. Let k(r) = -3*r**2 - 10*r - 2. Let j(p) = l*b(p) - k(p). Determine j(3).
-1
Let d(m) = m**2 - 15. Suppose -21*h - 5575 = 4211. Let v = h - -466. What is d(v)?
-15
Let h(w) = w**3 - 9*w**2 - 3*w + 6. Let m(v) = v**3 - 10*v**2 - 3*v + 7. Let d(c) = -8*h(c) + 7*m(c). Give d(-1).
1
Let n(c) be the first derivative of -10*c - 1/3*c**3 - 1/4*c**4 + 0*c**2 - 111. Calculate n(0).
-10
Let c(t) = t**3 + 7*t**2 - 2*t - 9. Let j(y) = y**3 + 12*y**2 + 12*y + 5. Let g be j(-11). Let x be 2/g + (-40)/15. Let k = x - 4. Give c(k).
5
Let w be (0 - (-4)/(-1)) + 53 + -44. Let k(d) be the first derivative of 3*d**2/2 - 12*d - 406. What is k(w)?
3
Let a(i) = i**2 - 18*i + 114. Let f be a(25). Let u(n) = -4*n + f*n**2 - 2 + n**3 + 291*n**2 - 578*n**2. What is u(-3)?
1
Suppose r - 4 - 32 = -4*b, -b - 5*r + 9 = 0. Let n(c) be the second derivative of c**5/20 - 3*c**4/4 + c**3/3 - 9*c**2/2 - 14004*c. Give n(b).
9
Suppose -33 = 3*b - 168. Let p = -30 + b. Suppose -5*w - p + 15 = 0. Let c(h) = -h**3 - h**2 + h - 4. Give c(w).
-4
Let b(w) = -5*w**2 + w + 25. Let r(d) = 4*d**2 - 3*d - 38. Let z(u) = -3*b(u) - 2*r(u). Give z(-3).
55
Let d be (2 + 13)*(7 - 6). Suppose -3*p - s = -2, -d = -p + 3*s - 1. Let r(l) = 5*l. Determine r(p).
10
Let v(f) = -2*f - 3. Suppose -79*z + 75*z + 36 = 0. Suppose z*a - 4 = 23. Determine v(a).
-9
Suppose -2*u - 108*g + 113*g = -55, -3*u = 4*g - 25. Let f(q) = -9*q + 129. Calculate f(u).
-6
Suppose 5*v - 4*m + 435 = -6*m, v + 4*m + 105 = 0. Let s = v + 80. Let k(t) = -2*t**2 - 6*t - 2. Give k(s).
-22
Let k = 21 + -12. Suppose -3*s - 3*d = k - 36, s - 4*d + 11 = 0. Let n(a) = a**2 - 3*a**2 - 5 + 7*a**2 - 4*a**2 - 927*a + 922*a. Give n(s).
-5
Let s(n) = -5*n**2 + 25*n - 26. Let u(m) = -m**2 + 6*m - 6. Suppose -2*b = -4*j - 4, 18*b + 4 = 20*b - 3*j. Let h(v) = b*s(v) - 9*u(v). What is h(-4)?
2
Let q = -2960 - -2953. Let r = -1 + 5. Let b(k) = -6*k + 0*k - k**2 + 0*k + r. Determine b(q).
-3
Let p(n) = -n**2 - 29*n - 205. Let m be p(-17). Let a(l) be the third derivative of -l**5/5 + l**4/12 + l**3/6 + 15*l**2. What is a(m)?
-13
Let r(q) = q**3 - 8*q**2 + 5. Let u(j) = -j**3 + 107 + 38*j**2 - 100*j - 4*j**2 + j**2 - 46*j + 77*j. Let o be u(33). Calculate r(o).
5
Suppose -3*h - 1076 + 376 = -5*i, 4*h = i - 939. Let c = h - -238. Let y(q) = 2*q**2 - q - 10. Give y(c).
5
Let u be (12 + -4 - -2) + -8. Let k(q) = -1 + 3*q**3 - q**3 + 3*q - q**2 - q**3. Determine k(u).
9
Let z be (-4)/(-10) + (27 - 1016/40). Let c(i) = -13*i**2 + 7*i - 13. Determine c(z).
-51
Let l(h) = 224 - 2*h - 31*h**3 + 30*h**3 - 449 - h**2 + 222. Give l(-3).
21
Let k(i) = i**2 + 15*i - 27. Let o = 3392 + -3408. What is k(o)?
-11
Suppose 3*h + 2*l + 3*l = 2084, 0 = -3*h + 2*l + 2119. Let z = h + -707. Let o(p) = 4*p + 16. Give o(z).
0
Let k(d) = 3*d + 7. Let t(r) = -14*r + 13. Let w(n) = 4*k(n) - 2*t(n). Calculate w(1).
42
Suppose -48*n = -42*n - 64*n + 1102. Let c(q) = 13*q - 247. Give c(n).
0
Suppose 0 = l - 5*l. Let f = 193 - 168. Suppose -c = -5*b + f, l*c 